[INFO] cloning repository https://github.com/archer884/sof-rust
[INFO] running `Command { std: "git" "-c" "credential.helper=" "-c" "credential.helper=/workspace/cargo-home/bin/git-credential-null" "clone" "--bare" "https://github.com/archer884/sof-rust" "/workspace/cache/git-repos/https%3A%2F%2Fgithub.com%2Farcher884%2Fsof-rust", kill_on_drop: false }`
[INFO] [stderr] Cloning into bare repository '/workspace/cache/git-repos/https%3A%2F%2Fgithub.com%2Farcher884%2Fsof-rust'...
[INFO] running `Command { std: "git" "rev-parse" "HEAD", kill_on_drop: false }`
[INFO] [stdout] 6a838af1d93346014ee6f33bbdd351b66a474be7
[INFO] checking archer884/sof-rust against try#72f88fc4e9458f89516a0b8b0868f3718aec5b47 for pr-74989
[INFO] running `Command { std: "git" "clone" "/workspace/cache/git-repos/https%3A%2F%2Fgithub.com%2Farcher884%2Fsof-rust" "/workspace/builds/worker-0/source", kill_on_drop: false }`
[INFO] [stderr] Cloning into '/workspace/builds/worker-0/source'...
[INFO] [stderr] done.
[INFO] validating manifest of git repo https://github.com/archer884/sof-rust on toolchain 72f88fc4e9458f89516a0b8b0868f3718aec5b47
[INFO] running `Command { std: "/workspace/cargo-home/bin/cargo" "+72f88fc4e9458f89516a0b8b0868f3718aec5b47" "read-manifest" "--manifest-path" "Cargo.toml", kill_on_drop: false }`
[INFO] started tweaking git repo https://github.com/archer884/sof-rust
[INFO] finished tweaking git repo https://github.com/archer884/sof-rust
[INFO] tweaked toml for git repo https://github.com/archer884/sof-rust written to /workspace/builds/worker-0/source/Cargo.toml
[INFO] crate git repo https://github.com/archer884/sof-rust already has a lockfile, it will not be regenerated
[INFO] running `Command { std: "/workspace/cargo-home/bin/cargo" "+72f88fc4e9458f89516a0b8b0868f3718aec5b47" "fetch" "--locked" "--manifest-path" "Cargo.toml", kill_on_drop: false }`
[INFO] [stderr]     Blocking waiting for file lock on package cache
[INFO] [stderr]     Blocking waiting for file lock on package cache
[INFO] [stderr]  Downloading crates ...
[INFO] [stderr]   Downloaded router v0.4.0
[INFO] [stderr]   Downloaded route-recognizer v0.1.11
[INFO] [stderr]   Downloaded openssl-verify v0.1.0
[INFO] [stderr]   Downloaded num-integer v0.1.32
[INFO] [stderr]   Downloaded iron v0.4.0
[INFO] [stderr]   Downloaded time v0.1.35
[INFO] [stderr]   Downloaded num-traits v0.1.35
[INFO] [stderr]   Downloaded num v0.1.35
[INFO] [stderr]   Downloaded gcc v0.3.35
[INFO] [stderr]   Downloaded pkg-config v0.3.8
[INFO] [stderr]   Downloaded unsafe-any v0.4.1
[INFO] [stderr]   Downloaded num-iter v0.1.32
[INFO] [stderr]   Downloaded mime v0.2.2
[INFO] [stderr]   Downloaded url v1.2.0
[INFO] [stderr]   Downloaded regex-syntax v0.3.5
[INFO] [stderr]   Downloaded rustc-serialize v0.3.19
[INFO] [stderr]   Downloaded httparse v1.1.2
[INFO] [stderr]   Downloaded unicode-normalization v0.1.2
[INFO] [stderr]   Downloaded matches v0.1.2
[INFO] [stderr]   Downloaded log v0.3.6
[INFO] [stderr]   Downloaded serde_json v0.8.1
[INFO] [stderr]   Downloaded pnacl-build-helper v1.4.10
[INFO] [stderr]   Downloaded itoa v0.1.1
[INFO] [stderr]   Downloaded dtoa v0.2.2
[INFO] [stderr]   Downloaded traitobject v0.0.3
[INFO] [stderr]   Downloaded quasi v0.19.0
[INFO] [stderr]   Downloaded unicase v1.4.0
[INFO] [stderr]   Downloaded persistent v0.2.0
[INFO] [stderr]   Downloaded serde_codegen v0.8.8
[INFO] [stderr]   Downloaded serde_macros v0.8.8
[INFO] [stderr]   Downloaded quasi_macros v0.19.0
[INFO] [stderr]   Downloaded quasi_codegen v0.19.0
[INFO] [stderr]   Downloaded serde_codegen_internals v0.8.0
[INFO] [stderr]   Downloaded serde v0.8.8
[INFO] [stderr]   Downloaded aster v0.26.1
[INFO] [stderr]   Downloaded hyper v0.9.10
[INFO] [stderr]   Downloaded clippy v0.0.90
[INFO] [stderr]   Downloaded idna v0.1.0
[INFO] [stderr]   Downloaded rustc_version v0.1.7
[INFO] [stderr]   Downloaded unicode-bidi v0.2.3
[INFO] [stderr]   Downloaded lazy_static v0.2.1
[INFO] [stderr]   Downloaded libc v0.2.16
[INFO] [stderr]   Downloaded clippy_lints v0.0.90
[INFO] running `Command { std: "docker" "create" "-v" "/var/lib/crater-agent-workspace/builds/worker-0/target:/opt/rustwide/target:rw,Z" "-v" "/var/lib/crater-agent-workspace/builds/worker-0/source:/opt/rustwide/workdir:ro,Z" "-v" "/var/lib/crater-agent-workspace/cargo-home:/opt/rustwide/cargo-home:ro,Z" "-v" "/var/lib/crater-agent-workspace/rustup-home:/opt/rustwide/rustup-home:ro,Z" "-e" "SOURCE_DIR=/opt/rustwide/workdir" "-e" "CARGO_TARGET_DIR=/opt/rustwide/target" "-e" "CARGO_HOME=/opt/rustwide/cargo-home" "-e" "RUSTUP_HOME=/opt/rustwide/rustup-home" "-w" "/opt/rustwide/workdir" "-m" "1610612736" "--user" "0:0" "--network" "none" "rustops/crates-build-env@sha256:d92eaeed33fa75130ca1ee6c8a01d1ffb62bac859dfdfb3450e3e5d1c0146529" "/opt/rustwide/cargo-home/bin/cargo" "+72f88fc4e9458f89516a0b8b0868f3718aec5b47" "metadata" "--no-deps" "--format-version=1", kill_on_drop: false }`
[INFO] [stdout] 6d849eb1a33afff0cc73eca2351b37dc70eb537648c89c2e69579be4862a9386
[INFO] [stderr] WARNING: Your kernel does not support swap limit capabilities or the cgroup is not mounted. Memory limited without swap.
[INFO] running `Command { std: "docker" "start" "-a" "6d849eb1a33afff0cc73eca2351b37dc70eb537648c89c2e69579be4862a9386", kill_on_drop: false }`
[INFO] running `Command { std: "docker" "inspect" "6d849eb1a33afff0cc73eca2351b37dc70eb537648c89c2e69579be4862a9386", kill_on_drop: false }`
[INFO] running `Command { std: "docker" "rm" "-f" "6d849eb1a33afff0cc73eca2351b37dc70eb537648c89c2e69579be4862a9386", kill_on_drop: false }`
[INFO] [stdout] 6d849eb1a33afff0cc73eca2351b37dc70eb537648c89c2e69579be4862a9386
[INFO] running `Command { std: "docker" "create" "-v" "/var/lib/crater-agent-workspace/builds/worker-0/target:/opt/rustwide/target:rw,Z" "-v" "/var/lib/crater-agent-workspace/builds/worker-0/source:/opt/rustwide/workdir:ro,Z" "-v" "/var/lib/crater-agent-workspace/cargo-home:/opt/rustwide/cargo-home:ro,Z" "-v" "/var/lib/crater-agent-workspace/rustup-home:/opt/rustwide/rustup-home:ro,Z" "-e" "SOURCE_DIR=/opt/rustwide/workdir" "-e" "CARGO_TARGET_DIR=/opt/rustwide/target" "-e" "CARGO_INCREMENTAL=0" "-e" "RUST_BACKTRACE=full" "-e" "RUSTFLAGS=--cap-lints=forbid" "-e" "CARGO_HOME=/opt/rustwide/cargo-home" "-e" "RUSTUP_HOME=/opt/rustwide/rustup-home" "-w" "/opt/rustwide/workdir" "-m" "1610612736" "--user" "0:0" "--network" "none" "rustops/crates-build-env@sha256:d92eaeed33fa75130ca1ee6c8a01d1ffb62bac859dfdfb3450e3e5d1c0146529" "/opt/rustwide/cargo-home/bin/cargo" "+72f88fc4e9458f89516a0b8b0868f3718aec5b47" "check" "--frozen" "--all" "--all-targets" "--message-format=json", kill_on_drop: false }`
[INFO] [stdout] b294b01903c0dbe0a155d17d4c935afd4e31888faa0d9989b8796af728f5dee6
[INFO] [stderr] WARNING: Your kernel does not support swap limit capabilities or the cgroup is not mounted. Memory limited without swap.
[INFO] running `Command { std: "docker" "start" "-a" "b294b01903c0dbe0a155d17d4c935afd4e31888faa0d9989b8796af728f5dee6", kill_on_drop: false }`
[INFO] [stderr]    Compiling winapi-build v0.1.1
[INFO] [stderr]     Checking libc v0.2.16
[INFO] [stderr]     Checking winapi v0.2.8
[INFO] [stderr]    Compiling semver v0.1.20
[INFO] [stderr]     Checking matches v0.1.2
[INFO] [stderr]     Checking traitobject v0.0.3
[INFO] [stderr]     Checking unicode-normalization v0.1.2
[INFO] [stderr]     Checking num-traits v0.1.35
[INFO] [stderr]     Checking rustc-serialize v0.3.19
[INFO] [stderr]     Checking typeable v0.1.2
[INFO] [stderr]    Compiling aster v0.26.1
[INFO] [stderr]     Checking language-tags v0.2.2
[INFO] [stderr]     Checking httparse v1.1.2
[INFO] [stderr]    Compiling serde_codegen v0.8.8
[INFO] [stderr]    Compiling serde_codegen_internals v0.8.0
[INFO] [stderr]    Compiling quasi v0.19.0
[INFO] [stderr]     Checking serde v0.8.8
[INFO] [stderr]     Checking itoa v0.1.1
[INFO] [stdout] error[E0463]: can't find crate for `syntax`
[INFO] [stdout]   --> /opt/rustwide/cargo-home/registry/src/github.com-1ecc6299db9ec823/serde_codegen_internals-0.8.0/src/lib.rs:13:1
[INFO] [stdout]    |
[INFO] [stdout] 13 | extern crate syntax;
[INFO] [stdout]    | ^^^^^^^^^^^^^^^^^^^^ can't find crate
[INFO] [stdout] 
[INFO] [stdout] 
[INFO] [stdout] error: aborting due to previous error
[INFO] [stdout] 
[INFO] [stdout] 
[INFO] [stdout] For more information about this error, try `rustc --explain E0463`.
[INFO] [stdout] 
[INFO] [stdout] error[E0463]: can't find crate for `syntax`
[INFO] [stdout]   --> /opt/rustwide/cargo-home/registry/src/github.com-1ecc6299db9ec823/aster-0.26.1/src/lib.rs:10:1
[INFO] [stdout]    |
[INFO] [stdout] 10 | extern crate syntax;
[INFO] [stdout]    | ^^^^^^^^^^^^^^^^^^^^ can't find crate
[INFO] [stdout] 
[INFO] [stdout] 
[INFO] [stderr] error: could not compile `serde_codegen_internals`.
[INFO] [stderr] 
[INFO] [stderr] To learn more, run the command again with --verbose.
[INFO] [stderr] warning: build failed, waiting for other jobs to finish...
[INFO] [stdout] error[E0463]: can't find crate for `syntax`
[INFO] [stdout]   --> /opt/rustwide/cargo-home/registry/src/github.com-1ecc6299db9ec823/quasi-0.19.0/src/lib.rs:23:1
[INFO] [stdout]    |
[INFO] [stdout] 23 | extern crate syntax;
[INFO] [stdout]    | ^^^^^^^^^^^^^^^^^^^^ can't find crate
[INFO] [stdout] 
[INFO] [stdout] 
[INFO] [stdout] error: aborting due to previous error
[INFO] [stdout] 
[INFO] [stdout] 
[INFO] [stdout] For more information about this error, try `rustc --explain E0463`.
[INFO] [stdout] 
[INFO] [stdout] error: aborting due to previous error
[INFO] [stdout] 
[INFO] [stdout] 
[INFO] [stdout] For more information about this error, try `rustc --explain E0463`.
[INFO] [stdout] 
[INFO] [stdout] error[E0642]: patterns aren't allowed in functions without bodies
[INFO] [stdout]    --> /opt/rustwide/cargo-home/registry/src/github.com-1ecc6299db9ec823/rustc-serialize-0.3.19/src/serialize.rs:147:45
[INFO] [stdout]     |
[INFO] [stdout] 147 | ...                   &f_name: &str,
[INFO] [stdout]     |                       ^^^^^^^ pattern not allowed in function without body
[INFO] [stdout] 
[INFO] [stdout] 
[INFO] [stdout] error: aborting due to previous error
[INFO] [stdout] 
[INFO] [stdout] 
[INFO] [stdout] For more information about this error, try `rustc --explain E0642`.
[INFO] [stdout] 
[INFO] [stderr] error: build failed
[INFO] running `Command { std: "docker" "inspect" "b294b01903c0dbe0a155d17d4c935afd4e31888faa0d9989b8796af728f5dee6", kill_on_drop: false }`
[INFO] running `Command { std: "docker" "rm" "-f" "b294b01903c0dbe0a155d17d4c935afd4e31888faa0d9989b8796af728f5dee6", kill_on_drop: false }`
[INFO] [stdout] b294b01903c0dbe0a155d17d4c935afd4e31888faa0d9989b8796af728f5dee6
